inder when 16401 is divided by 2731?
15
What is the remainder when 1665 is divided by 97?
16
What is the remainder when 65339 is divided by 11?
10
What is the remainder when 22208 is divided by 7?
4
Calculate the remainder when 13113 is divided by 13069.
44
What is the remainder when 24294 is divided by 24233?
61
What is the remainder when 24726 is divided by 2743?
39
Calculate the remainder when 3997 is divided by 400.
397
Calculate the remainder when 662 is divided by 210.
32
What is the remainder when 14005 is divided by 3342?
637
What is the remainder when 1806 is divided by 1799?
7
Calculate the remainder when 47746 is divided by 10.
6
Calculate the remainder when 1462 is divided by 490.
482
What is the remainder when 392 is divided by 248?
144
What is the remainder when 38371 is divided by 307?
303
What is the remainder when 617075 is divided by 168?
11
Calculate the remainder when 559 is divided by 305.
254
What is the remainder when 2292 is divided by 139?
68
What is the remainder when 111336 is divided by 25?
11
Calculate the remainder when 57419 is divided by 194.
189
What is the remainder when 20587 is divided by 1372?
7
What is the remainder when 30388 is divided by 334?
328
Calculate the remainder when 2328124 is divided by 465621.
19
What is the remainder when 1995 is divided by 14?
7
Calculate the remainder when 13560 is divided by 6775.
10
Calculate the remainder when 22400 is divided by 57.
56
What is the remainder when 3535 is divided by 1108?
211
Calculate the remainder when 350 is divided by 77.
42
Calculate the remainder when 36366 is divided by 36218.
148
What is the remainder when 169984 is divided by 178?
172
Calculate the remainder when 28583 is divided by 9504.
71
What is the remainder when 184 is divided by 74?
36
What is the remainder when 3750 is divided by 1522?
706
Calculate the remainder when 96060 is divided by 47858.
344
What is the remainder when 26799 is divided by 186?
15
Calculate the remainder when 18364 is divided by 6112.
28
What is the remainder when 1162 is divided by 363?
73
What is the remainder when 10725 is divided by 2143?
10
Calculate the remainder when 193117 is divided by 58.
35
What is the remainder when 108755 is divided by 108?
107
Calculate the remainder when 4008 is divided by 796.
28
Calculate the remainder when 2765 is divided by 658.
133
Calculate the remainder when 15295 is divided by 464.
447
What is the remainder when 16510 is divided by 199?
192
Calculate the remainder when 2510 is divided by 242.
90
Calculate the remainder when 38252 is divided by 225.
2
Calculate the remainder when 11814 is divided by 748.
594
Calculate the remainder when 200184 is divided by 13.
10
What is the remainder when 1802 is divided by 259?
248
What is the remainder when 112026 is divided by 85?
81
Calculate the remainder when 3298 is divided by 145.
108
Calculate the remainder when 21070 is divided by 24.
22
Calculate the remainder when 2924 is divided by 1378.
168
What is the remainder when 913822 is divided by 167?
165
Calculate the remainder when 1354 is divided by 641.
72
What is the remainder when 2115 is divided by 463?
263
Calculate the remainder when 40101 is divided by 1334.
81
What is the remainder when 1014482 is divided by 144?
2
Calculate the remainder when 21217 is divided by 20.
17
What is the remainder when 6827 is divided by 2273?
8
What is the remainder when 1517 is divided by 166?
23
Calculate the remainder when 1108904 is divided by 537.
536
What is the remainder when 35677 is divided by 16?
13
Calculate the remainder when 25304 is divided by 241.
240
Calculate the remainder when 529098 is divided by 1300.
1298
Calculate the remainder when 761474 is divided by 825.
824
Calculate the remainder when 3558 is divided by 582.
66
What is the remainder when 188077 is divided by 162?
157
What is the remainder when 827 is divided by 71?
46
Calculate the remainder when 91065 is divided by 31.
18
What is the remainder when 1264 is divided by 237?
79
What is the remainder when 4143 is divided by 821?
38
What is the remainder when 1494 is divided by 244?
30
Calculate the remainder when 13008 is divided by 13.
8
What is the remainder when 62508 is divided by 7813?
4
Calculate the remainder when 4996 is divided by 121.
35
Calculate the remainder when 90377 is divided by 112.
105
What is the remainder when 9512 is divided by 90?
62
Calculate the remainder when 4188 is divided by 566.
226
What is the remainder when 131670 is divided by 8229?
6
Calculate the remainder when 131806 is divided by 32940.
46
What is the remainder when 265144 is divided by 238?
12
Calculate the remainder when 69417 is divided by 11555.
87
Calculate the remainder when 561940 is divided by 29.
7
What is the remainder when 118517 is divided by 40?
37
What is the remainder when 913 is divided by 19?
1
What is the remainder when 18575 is divided by 13?
11
What is the remainder when 13074 is divided by 222?
198
Calculate the remainder when 15091 is divided by 296.
291
What is the remainder when 91184 is divided by 17?
13
Calculate the remainder when 99943 is divided by 23.
8
Calculate the remainder when 10329 is divided by 36.
33
What is the remainder when 41122 is divided by 47?
44
What is the remainder when 1359 is divided by 350?
309
What is the remainder when 15107 is divided by 446?
389
What is the remainder when 1374 is divided by 450?
24
What is the remainder when 3296 is divided by 50?
46
What is the remainder when 223177 is divided by 37?
30
Calculate the remainder when 426669 is divided by 7.
5
Calculate the remainder when 53491 is divided by 1215.
31
What is the remainder when 2363 is divided by 5?
3
Calculate the remainder when 135418 is divided by 238.
234
Calculate the remainder when 85007 is divided by 563.
557
What is the remainder when 15588 is divided by 5151?
135
What is the remainder when 103143 is divided by 34?
21
What is the remainder when 65840 is divided by 372?
368
Calculate the remainder when 121503 is divided by 4.
3
Calculate the remainder when 2944 is divided by 360.
64
Calculate the remainder when 69065 is divided by 1303.
6
Calculate the remainder when 43958 is divided by 2.
0
What is the remainder when 11566 is divided by 5604?
358
What is the remainder when 10773 is divided by 34?
29
What is the remainder when 113100 is divided by 217?
43
Calculate the remainder when 13914 is divided by 31.
26
What is the remainder when 6614 is divided by 5?
4
What is the remainder when 3148 is divided by 396?
376
Calculate the remainder when 12530 is divided by 6239.
52
What is the remainder when 5546 is divided by 5494?
52
Calculate the remainder when 27739 is divided by 96.
91
What is the remainder when 2804 is divided by 2801?
3
Calculate the remainder when 294297 is divided by 60.
57
Calculate the remainder when 2440 is divided by 270.
10
Calculate the remainder when 96621 is divided by 12.
9
Calculate the remainder when 9307 is divided by 9214.
93
What is the remainder when 476724 is divided by 42?
24
What is the remainder when 698654 is divided by 56?
54
Calculate the remainder when 53040 is divided by 390.
0
Calculate the remainder when 28451 is divided by 347.
344
What is the remainder when 1477 is divided by 172?
101
What is the remainder when 20043 is divided by 9987?
69
What is the remainder when 1067 is divided by 89?
88
Calculate the remainder when 203927 is divided by 117.
113
Calculate the remainder when 14601 is divided by 298.
297
What is the remainder when 23629 is divided by 50?
29
Calculate the remainder when 64921 is divided by 16227.
13
What is the remainder when 7825 is divided by 112?
97
Calculate the remainder when 482138 is divided by 9.
8
What is the remainder when 26658 is divided by 101?
95
What is the remainder when 815 is divided by 82?
77
Calculate the remainder when 26508 is divided by 22.
20
What is the remainder when 17654 is divided by 33?
32
What is the remainder when 909922 is divided by 73?
50
Calculate the remainder when 234424 is divided by 43.
31
What is the remainder when 8622 is divided by 2851?
69
Calculate the remainder when 55869 is divided by 59.
55
Calculate the remainder when 1852 is divided by 398.
260
What is the remainder when 8573 is divided by 89?
29
Wh